-57 - ((-3 - -10) + -39)?
-25
What is the value of (0 + -11 - (1 + (-5 - 2))) + 18?
13
What is the value of (-23 - 4) + (50 - 9)?
14
Calculate 59 + -68 + 6 + 0 + (1 - 4).
-6
Evaluate -27 + -1 - (4 - 13 - -1).
-20
What is the value of (16 + -12 - (7 - 19)) + -1 + 8?
23
Calculate -43 - (-37 + 21) - -47.
20
Evaluate 11 + 1 + 0 - (-1882 - -1908).
-14
Calculate -77 + 70 - (-11 + 1).
3
Evaluate (-1 + 1 - -2) + (-26 - -16 - -10).
2
What is (7 - 11 - 0) + -11?
-15
What is the value of (4 - (-11 - -9)) + -8 - (-1 + 0)?
-1
Evaluate -11 + (-7 - -16) - (0 - (18 + -8)).
8
Calculate 13 + -3 + -28 + 7 + -9.
-20
Calculate 10 - (-3 + (6 - 1)).
8
-18 + -6 - -33 - (1 + 31)
-23
-19 + (35 - -1 - 46)
-29
-2 + -25 + -378 + 379
-26
4 - -1 - 1 - ((-24 - -18) + 7)
3
Evaluate -12 + -2 + -3 - (458 - 467).
-8
Calculate 183 - 155 - (2 - -1).
25
(2 - 4 - (-12 + 23 + -12)) + 16
15
What is the value of 0 - -39 - (-2 + 7 - (-28 - -25))?
31
Evaluate -8 + (-23 + 79 - 30).
18
Calculate -2 - (-6 + -3) - 13.
-6
Calculate (-9 - 3 - -3) + 26 - -2.
19
What is 27 + -1 + 1 + (235 - 244)?
18
Calculate 0 + -12 + -4 + -2 + 13.
-5
19 + (19 + 8 - 32)
14
Calculate (-1 - 8) + (8 - 18 - -11) + 20.
12
Evaluate 10 + -8 - 24 - (-4 - -2).
-20
Evaluate (54 + -26 - -17) + -14 + (-3 - -5).
33
What is the value of 3 - (16 + 6 + (-4 - -3 - 1))?
-17
Calculate -18 + -2 + 24 + (5 - 13).
-4
Evaluate 5 + 2 + -3 - (24 + -17).
-3
Calculate -176 + 186 + (-1 - 14) - (-15 + -1).
11
What is (62 - 42) + -27 + 12?
5
Calculate (2 - 16) + (-4 - (-66 + 25)).
23
What is the value of 0 + 16 + -13 + 3 - -13?
19
What is (-22 + -22 - -11) + 14?
-19
What is the value of 22 - ((36 - 27) + 37)?
-24
Evaluate -11 + -4 - (-2 + (5 - 9) + 4).
-13
Evaluate 0 + 20 - (28 + (-25 - -5)).
12
Evaluate -3 + 6 + 2 + -9 + 0.
-4
Evaluate 2 + 0 + 6 - (0 + 16 + -10).
2
What is the value of 14 - (-16 + (14 - 18) - -47)?
-13
Calculate (17 - 11) + -1 + -1 + -19.
-15
Calculate (-5 - -45) + -43 + 1 + -4.
-6
What is the value of 2 + -1 + -15 - (53 + -62)?
-5
Calculate (4 - 17) + 16 + (-7 - 3).
-7
What is 5 + 8 - (-2 - (-6 - -4))?
13
What is -3 + -38 - (-233 + 204)?
-12
2 - (-10 + (6 - 1) - -1) - 6
0
Evaluate 25 + (44 - 67) - (5 + 0 + -1).
-2
What is the value of 1 + 9 + -13 + 6 + 3?
6
-8 + 26 + (0 - (9 - 2))
11
Calculate -10 + -21 + -28 + 50.
-9
Evaluate (53 - 52) + (1 - 2) + 2.
2
Evaluate 7 - (-1 + 6 - (41 + -38)).
5
Calculate (-2 - 0) + -6 - -14 - 9 - -6.
3
(12 - -4) + -5 + 2
13
Evaluate 22 + -14 + 13 + -14 - (4 + 0).
3
(2 - -14) + 62 + -96
-18
Evaluate 12 + -7 + 12 + -4 + -6.
7
Evaluate -14 - (10 - -1 - 26).
1
Evaluate 11 + 1 - 18 - 6.
-12
Calculate 17 + -2 - (-3 + (-11 - -16)) - 2.
11
Evaluate -18 + (-12 - 9) + 39.
0
Calculate 7 + (20 - 27 - 10).
-10
What is the value of -1 + (-3 + 14 + 5 - (2 - 2))?
15
13 + -14 + -1 - -3
1
Calculate (-4 - (-8 + 9)) + 9.
4
What is 15 + -34 + 5 - (6 - 2)?
-18
What is the value of 7 + -12 + 7 + (3 - (-5 + 6))?
4
What is the value of -7 - (0 - (25 + -7)) - 7?
4
What is 13 - (20 + -12) - (-3 - -5 - 23)?
26
What is (-2 - -2 - -11) + (10 - 29 - -16)?
8
-10 + -3 + 4 - (-109 - -105)
-5
What is the value of 1 + (2 - (2 + -4) - (26 + -27))?
6
What is 20 + (-8 - (6 - 22))?
28
Evaluate -3 - -12 - (-218 - -223).
4
Evaluate 5 - (0 - 6 - (2 - 7)) - 11.
-5
What is the value of 16 - 22 - -6 - -7?
7
-16 - (4 - (6 - (2 - 7)) - -10)
-19
What is 13 + -5 - (21 - (5 + -17 + 8))?
-17
Evaluate -3 + 0 - (-10 + -36 - -51).
-8
What is 1 + -7 + -11 + 21 + -9 + 2?
-3
What is -14 + (2 - 0) + -5?
-17
Calculate 87 + -61 + -4 + -31.
-9
Calculate 17 + -1 - (-1 + 10).
7
Evaluate -5 + (-9 - 2) + 16.
0
What is the value of 15 + -29 + 5 + 4?
-5
(53 - 14) + -31 - 21
-13
What is the value of -15 + -54 - -6 - -39?
-24
Calculate 25 - 27 - (-1 + -6 + 2).
3
What is (12 + 3 - 8) + (-3 - 1)?
3
What is the value of -10 - 3 - (-2 + 9 + (-8 - -1))?
-13
Calculate 13 + -16 - (-2 + -5).
4
Calculate 58 - 63 - (2 + -33 + 5).
21
Evaluate 14 + -32 + (7 - -7).
-4
12 - (12 - (0 - 9) - 7) - -30
28
What is the value of (3 + -32 - (-24 - -12)) + -2?
-19
What is (-1 - 4 - -19) + -35 + 1?
-20
What is (1 - (2 - 1)) + 273 + -263?
10
What is the value of 1 + (-11 - 3) + (-24 - -33)?
-4
What is -11 + (14 + -31 - -16)?
-12
Calculate -33 + (38 - 37) + 3.
-29
What is the value of (-3 - 8) + (-11 - -4)?
-18
Calculate 25 + -10 + (-3 - -24 - 45).
-9
What is the value of -9 - (-6 + -15 + -1)?
13
What is the value of -23 - ((-23 - 7) + -17)?
24
What is the value of 6 + (-10 - 20 - -15)?
-9
98 + -119 + -9 + 3
-27
-3 + (-40 - -15) - -59
31
Calculate (14 - 38) + -3 + 10 + 8.
-9
What is the value of 29 - 35 - (-25 + (2 - (1 + -4)))?
14
Evaluate 1 - (-15 - ((-6 + 1 - -7) + -10)).
8
What is -21 + -3 + 3 + 4 + 9 + -4?
-12
Calculate 4 - (7 - -4) - (-4 + 8).
-11
27 - 4 - 22 - (-7 + -2)
10
What is (-515 - -510) + 22 + 1?
18
Evaluate (2 - (-1 - -14) - -7) + 26 - 7.
15
What is -8 + -6 + 10 + -16 + 10?
-10
What is the value of 32 + (-12 - 11) - (-2 + 0)?
11
What is the value of -2 - (-6 - 3) - (1 - -3)?
3
What is (15 - 6 - 4) + -13?
-8
What is the value of 12 - (18 - 1) - (2 - 7)?
0
What is (-23 - (-26 + 16)) + 13?
0
Evaluate -15 - (4 + 2 + -17).
-4
Calculate 13 + (11 + -2 - (-24 - -29)) + -2.
15
What is 10 + 6 + 6 - 3?
19
What is -5 + -5 - (-45 - -18)?
17
Evaluate 5 - (-13 + 7) - 6.
5
Evaluate -2 + -35 + 19 - -17.
-1
What is the value of (333 - 331) + -11 + -1 + 2?
-8
What is the value of (18 + -8 - -7) + (-3 - (5 + 0))?
9
Calculate 4 - (5 + -7 - -3) - (-7 + -3).
13
Evaluate 5 + -3 + -10 + -292 + 261.
-39
What is the value of (-27 - -50) + (-16 - -1)?
8
Calculate 7 - (9 + -5 + -1) - (6 + 6).
-8
What is 25 + (-26 - -22) + -5?
16
Calculate 5 - (-2 - (5 - -3)) - 10.
5
What is -3 + 1 + 0 - (-26 + 60 - 32)?
-4
What is -1 + (4 - (-12 + 24))?
-9
What is -3 + 2 + -3 + -4 + 0 - -4?
-4
What is 5 - (-3 - (-39 + (2 - 11) + 5))?
-35
What is -63 + 61 + 0 + 15?
13
Evaluate -22 - (-5 + (-8 - 14)).
5
What is the value of (-18 - 1) + 715 + -691?
5
What is the value of -1 - (-10 + 1 + -52 + 64)?
-4
What is the value of 10 - (-2 - 2 - -7 - -20 - -1)?
-14
-5 + 9 + -2 + -23 + 1 + 5
-15
What is -23 + (7 - -12) + 3?
-1
What is -3 + (-4 - -4) - (6 + -15 + -2)?
8
Evaluate -29 + -21 + 59 - (42 - (1 + 0)).
-32
9 + (16 - 2) + -3 + -6
14
Calculate -157 - -184 - (-4 + 9).
22
What is 1 - (-4 - -2) - (-3 - 6)?
12
What is the value of (3 - 0) + 1 + -1 + (-6 - 2)?
-5
What is the value of (-147 + 141 - (-3 + 0)) + 0 + -10?
-13
Evaluate -9 - (22 + -81 + 37).
13
-31 + 78 + -53 + (1 - -4)
-1
Calculate 12 - ((-11 - 9) + 40).
-8
-1 + -14 - -10 - (1 - -19 - 1)
-24
What is 7 + -4 + 9 + -1 + -10 + -9?
-8
What is 9 - -2 - (-8 + 0 + 2)?
17
Evaluate 7 - (4 + 4) - (-10 - (-11 + 3)).
1
-152 - -150 - (1 - 11)
8
(0 - (4 - (-7 - -9))) + (3 - -4)
5
What is the value of -4 + (17 - 6) + -10 - -6?
3
-18 - -23 - ((-3 - (-2 - 1)) + 1)
4
What is the value of -3 + (-6 - ((3 - 11) + 0))?
-1
Calculate (20 - 8) + (3 - 22).
-7
Calculate 186 + -175 - (-1 - -12).
0
What is the value of -19 + 2 + (10 - (0 - (-9 + -3)))?
-19
3 + (-3 - ((-1 - -1) + -6 + 13))
-7
Calculate -36 - (-1 + -16 - 4).
-15
Calculate 2 + (-4 + 15 - 10) - (-4 + 0).
7
-2 + -14 + -12 + 17
-11
Evaluate 18 + (-8 + -9 - -13).
14
What is the value of 2 + 0 + -3 + -343 + 334?
-10
What is 9 - 11 - (11 - (-3 + -1))?
-17
Calculate (807 - 814) + (0 - (0 + 2)).
-9
Evaluate 179 + -171 + (-23 - -1).
-14
Evaluate (1 - -44 - 41) + (-1 - (-2 - -2)).
3
Calculate (-1 - (0 - -7)) + 10.
2
11 + (7 - 9) + -19 - 0
-10
Evaluate 10 + 15 + (-9 - 23) - 12.
-19
9 + (6 + -1 - 14) - 7
-7
What is the value of -34 - -17 - (-2 + -6) - -26?
17
Calculate 5 - 3 - ((14 - 13) + 9).
-8
-25 - 0 - -6 - (-20 - -9) - -32
24
What is the value of 112 + -95 - (28 - 2)?
-9
Evaluate 14 + 28 + -18 - 12.
12
What is (-1 - -6) + 98 + -102?
1
Evaluate 4 + -11 + 11 + -4 + 12.
12
What is the value of 4 - 0 - (14 + (-15 - -5)) - 6?
-6
What is -8 + 3 + -5 + -11 + 10?
-11
What is (15 - 5) + (-3 + 21 - 5 - 3)?
20
What is the value of -5 + (5 - -22) + 2 + -12?
12
Evaluate -2 + (7 + -13 - -13) - -10.
15
What is the value of (-8 - -15) + -7 + 0 - 4 - -11?
7
What is 17 - (1 + (-1 + 1 - -7) + -7)?
16
What is 2 + (-1 - 7) + 2 + 6?
2
5 + 4 + 5 + -13
1
(3 + -4 - 0 - 1 - -4) + -12
-10
Evaluate (122 - 148) + -7 + 2.
-31
Calculate (-1 - (8 + -1)) + (5413 - 539